e 3 = l + 2*l. Let f(c) = 2 - 2*c + l - c**2 + 2*c**2. Let y be f(2). Let n(m) = -m - 4. Calculate n(y).
-7
Let v be (8/(-20))/((-2)/10). Let o(w) = -4*w + 0 - 4 + 1 + v*w. Give o(-4).
5
Let g(h) = 7 - 6*h**2 - 7*h - h**3 + 11*h**2 + 2*h**2. Calculate g(6).
1
Suppose -2*k - 3*x = 5, -24*x + 6 = -k - 29*x. Let q(m) = -1 - m + 2*m**3 + 3*m**3 + 0. What is q(k)?
-5
Let a(y) = y + 3. Let v be (-2)/(-6)*3 - 0. Let n be (-1)/(-2)*v*2. Let z = n + 2. What is a(z)?
6
Let x be (-56)/(-12) + 2/6. Suppose 1 = x*p - 9. Let d(y) = -4*y**p - y + 2*y**3 + y**2 - 3*y**3. Calculate d(-2).
-2
Let v(p) be the third derivative of -p**4/24 - p**3/2 - 14*p**2. What is v(3)?
-6
Let j(n) = 1 - 8*n**3 - n**3 - 2*n + 2*n**3 + n**2 + 0. Let c(b) = -2*b + 1. Let s be c(2). Let r be s/6*2*-1. Determine j(r).
-7
Suppose -5*m = 2*q - 6, -3*m - m + 4*q = -16. Let a(b) = -1 + 6 - 2*b**2 + b**m + 3*b. Determine a(4).
1
Let l(p) = p + 2. Let h(w) = -5*w - 9. Let j(o) = 2*h(o) + 9*l(o). What is j(-2)?
2
Let a be 136/32*2/(-3) - -3. Let x(q) be the second derivative of -2*q**2 + 0 + 4*q - a*q**3. Give x(-4).
0
Suppose 0 = -5*l - 0*l. Suppose -3*d + 8*d - 20 = l. Let t(z) = -1 + 6*z - d*z + 4*z + 0. Determine t(1).
5
Let q(y) = -y - 4. Suppose -2*s - 3*s = -55. Let m be 46/s + 12/(-66). Let v be 2 - 1 - (0 + m). What is q(v)?
-1
Let a(r) = 5*r**2 - 8 - r**3 - 1 + 2 + 8*r. Let f = 0 + 6. Determine a(f).
5
Let s(p) = p**2 + 3*p. Suppose 0 = 4*o - u - 30, u = 2*o - u - 18. Suppose -2*l + o = -1. Let v be 1/(-1) + l/(-2). Give s(v).
0
Let a(f) = -7*f**3 - 4*f**2 - 2*f - 4. Let y(d) = d**3 + d**2 + d. Let r(b) = a(b) + 6*y(b). Determine r(3).
-1
Let k(w) = 6*w + 1. Let x(r) = -5*r - 1. Let j(y) = 4*k(y) + 5*x(y). Give j(-2).
1
Let l = -2 + 2. Suppose -5*i - 4*k + 17 = l, 2*i - 3*k = -3*i + 31. Suppose -i*z = 3*x - 13, -5 = -5*x - 8*z + 3*z. Let r(q) = q**2 + 2*q - 2. What is r(x)?
6
Let v(r) = -r**2 + 5*r - 6. Let o = -68 + 72. Determine v(o).
-2
Let c(r) be the first derivative of 0*r - 1/120*r**6 + 1/2*r**3 + 0*r**5 - 2 + 1/12*r**4 - r**2. Let t(a) be the second derivative of c(a). Give t(-2).
7
Let s(x) = -x**3 + 3*x**2 - 3*x + 1. Suppose 0 = 7*g - g - 12. Calculate s(g).
-1
Suppose -4*o - 19 = 29. Let j = o - -12. Let c(l) be the first derivative of l**4/4 + l**3/3 + 4*l - 2. Calculate c(j).
4
Let z(a) be the third derivative of 3*a**5/20 - a**3/6 - a**2. Let p = -2 - -3. Determine z(p).
8
Suppose -m - 9 = n, 4*n - 4*m - 1 - 3 = 0. Let u be (n/3*-3)/1. Let y(g) = -5*g + 5*g - 5 + 2*g. What is y(u)?
3
Let f(l) = 5*l - 1. Let p(d) = -11*d + 1. Let u(b) = -7*f(b) - 3*p(b). Let y = 5 - 0. Calculate u(y).
-6
Suppose o + 4 = 5*g - 3*g, -3*g + 2*o + 5 = 0. Let w(v) be the third derivative of v**6/120 - v**5/20 + v**4/24 + v**3/3 + 3*v**2. Calculate w(g).
5
Suppose o = -5*c + 4, -2*c + 3*o - 2*o = 4. Suppose -q + 2*q = c. Let b(m) be the first derivative of m**2/2 - 4*m - 1. Give b(q).
-4
Let b(i) = -i**2 + 5*i + 1. Suppose 0*z = z - 20. Let y be 5/z + (-30)/(-8). Calculate b(y).
5
Let f = 10 + -8. Let b be (-1)/2 - (-7)/2. Let a(v) = -2 + b + 0 - v**f. Calculate a(-3).
-8
Let o(k) = -k**2 + 3*k - 2. Let q = 7 - 2. Calculate o(q).
-12
Let j = -6 + 4. Let g(f) = 2*f + 4*f + 6 + 4 - 7. Determine g(j).
-9
Let g(d) = 1. Let j(z) = z + 2. Let r(s) = -2*g(s) + j(s). Give r(6).
6
Let c = 19 - 13. Let l(u) = -u**2 + 6*u - 2. What is l(c)?
-2
Suppose -3*u - 3 = -3*z, 0*u - 2 = -5*z + 2*u. Let h = -8 + 11. Let m(j) = -j**2 + 2*j**h - j**3 - 2 - 2*j**3 + j. What is m(z)?
-2
Suppose 5*g = -8 + 23. Let z(f) = 2*f**3 - 15*f**2 + 9*f - 19. Let b(d) = d**3 - 8*d**2 + 5*d - 10. Let w(k) = -11*b(k) + 6*z(k). What is w(g)?
2
Let v(i) = -i - 2 + 4 + 0. Let m = 13 + -11. Calculate v(m).
0
Suppose -4*m - 5 + 13 = 0. Let x(j) = -4*j**2 + 4*j - 3. What is x(m)?
-11
Suppose 0 = -0*c - 4*c. Suppose 4*k = -g + 13, 5*k + c*g = 5*g - 15. Let r(t) = -k*t - 5 + 1 + 3 - t**2 - 6*t**3. Calculate r(-1).
6
Let g(n) be the first derivative of n**5/20 - n**4/3 - n**3 + 3*n**2/2 - 4*n - 4. Let f(o) be the first derivative of g(o). Determine f(5).
-2
Let v(j) = j**3 + 24*j**2 + 20*j - 67. Let a be v(-23). Let m(t) = 3*t**2 - 4*t + 3. What is m(a)?
7
Let k(u) = 2*u + 3. Let y be k(-4). Let b(t) be the second derivative of 0 + 5*t**2 + t + 1/6*t**3. Determine b(y).
5
Let c be -4 + 5 - -2 - -3. Let z(n) = -2 + c - 2*n**2 + 0 - 5*n. Calculate z(-4).
-8
Let d = 1 - 4. Let o = -1 - d. Let g(k) = 2*k + k**2 - 3*k**2 + o - 4*k + k**3. Calculate g(3).
5
Let i(n) = n - 1. Let z be (-12)/5 + ((-24)/10)/4. Determine i(z).
-4
Suppose -2 = 2*h - 8. Let r(u) = h*u - 4*u**2 + 5*u**2 + 6 + 3*u. Determine r(-5).
1
Let k(r) = r**2 - 4*r - 1. Suppose 5*g - 6 = y - 0, 3*g + 10 = 4*y. Suppose 15 = j + g*j. What is k(j)?
4
Let z(d) = -2*d - 3. Suppose 4*a - 9*a + 10 = -3*u, -4*u = 4*a - 40. Determine z(a).
-13
Let g(p) = -p**3 + p**2 + 3. Let x be g(0). Suppose -x*m = -m. Let v(o) = 3*o**2 - 3*o + 6. Let n(f) = f**2 - f + 1. Let w(s) = -2*n(s) + v(s). What is w(m)?
4
Let m be (0*1/4)/2. Suppose -p - 4 + 8 = m. Let f(j) = -4*j**2 - 2*j + 0*j**3 - 4*j**3 + 5*j**3. Calculate f(p).
-8
Let d be ((-8)/(-6))/(8/12). Suppose -s = d - 4. Let x(j) = -3*j**2 - j**2 + 5*j**2 - j + s - 3*j. Determine x(3).
-1
Let a = 2 - -7. Let k = a - 5. Let z(m) = 3 - 3 - 3 - 3*m - k*m**2 - m**3. Determine z(-3).
-3
Let n(w) = -3*w**2 - 2*w + 1. Let x(j) = j + 8. Let l be x(-6). Let s(c) = -5*c + 1 + 2*c**l + 3*c**2 - 3*c**2 - c**2. Let i be s(5). Calculate n(i).
-4
Suppose -5*x = -2 - 28. Let a(r) = -9 - r**2 - 4*r + x + 0. Determine a(-3).
0
Let y(u) = -u**2 - 3*u + 5. Suppose 2*m - m + 15 = 0. Let d be 3*(-1 - 28/(-6)). Let c = d + m. Give y(c).
1
Let b(k) = -k**3 - k**2 - k + 1. Let x(p) = -5*p**3 - 4*p**2 - 5*p + 4. Let r(f) = -6*b(f) + x(f). Calculate r(-2).
-4
Suppose -3*y = -y - 6. Let z(f) be the second derivative of f**4/12 - f**3/2 + 2*f**2 + f. What is z(y)?
4
Let m(g) = 0*g + 7*g**3 + 0*g. Let w(z) = -z - 1. Let c be w(-4). Let a(p) = -p**2 + 4*p - 2. Let j be a(c). What is m(j)?
7
Let b(d) = -2*d**3 + 2*d**2 + d - 2. Let m be b(-2). Suppose 0 = -u - 3*u + m. Let q(y) = -y - 6. Give q(u).
-11
Let f(c) be the first derivative of c**3/3 - 4*c**2 + 7*c + 2. Give f(5).
-8
Suppose -g + 4 = g. Let k(m) be the third derivative of m**6/120 - m**5/30 - m**4/12 + m**3/3 + 13*m**2. Give k(g).
-2
Let v(j) = j**3 - 5*j**2 + 2*j - 6. Suppose 3*f - 19 = -p, 5*f - 25 = -2*p - 3*p. Let n = -2 + f. Give v(n).
4
Let f(j) = 5*j**2 - 2*j - 2. Suppose t - 7 = 4*d, -5*d - 5 = -t - 4*t. What is f(t)?
5
Suppose 0 = -2*k + 5*k - 6. Let w(f) = -f + 7 - 4 + 7 + k. Calculate w(6).
6
Let d(u) = u**2 - u - 2. Let w = -12 - -12. Give d(w).
-2
Let y(p) = 6*p + 5. Let h(x) = 39*x + 12. Let j(u) = -3*u - 1. Let t(l) = 2*h(l) + 27*j(l). Let i(q) = 5*t(q) + 3*y(q). What is i(-1)?
-3
Let g(i) = i**3 - 3*i**2 + 5*i - 4. Let y be g(4). Suppose 5*s + 12 = y. Let n be (1/s)/((-3)/(-12)). Let f(h) = -h**2 + 2*h - 1. Calculate f(n).
0
Suppose -3*z + 6 = -3*i, -z - 3 + 11 = 5*i. Let u(v) be the first derivative of 2/3*v**z + v**2 - 2*v - 1. Determine u(-2).
2
Let k be 6/(-4)*16/(-6). Let z be k - (2 - 0/(-1)). Let h(q) = 4*q**z - 3*q**2 + 2 + 5 + 7*q. Give h(-5).
-3
Let y(t) = 1 - 4*t**2 + t + t + 4*t**2 + 6*t**2. Suppose -3*x - 28 = -5*n, -x - 2*n = 2*x - 7. Calculate y(x).
5
Let o(h) = -2*h**2 - 3*h - 1. Let c(m) = -m + 2. Let a be c(4). Calculate o(a).
-3
Let k(d) be the third derivative of d**7/840 + d**6/60 - d**4/3 - d**3 - 2*d**2. Let f(l) be the first derivative of k(l). What is f(-6)?
-8
Suppose -k + 3 = -0. Let n be 828/27 - (-2)/6. Suppose 0 = -3*j - 5*g + n, 0 = j - k*j - 4*g + 24. Let m(y) = -4*y + 3. Give m(j).
-5
Let r(z) be the third derivative of -1/10*z**5 + 0*z**4 - 2*z**2 + 4/3*z**3 + 0*z + 0 + 1/120*z**6. What is r(6)?
8
Suppose -3*q + 2*q = 4, 2 = -f - 2*q. Let x(b) = b. What is x(f)?
6
Let z(h) = -h - 1. Suppose 5*m + 2 = -8. Let j = 2 + m. Suppose -3*r = -g - 5 - j, -4*r + 14 = -5*g. Determine z(g).
1
Let p(f) be the first derivative of -f**3/3 + 3*f**2 - 3*f - 2. Let j be (-100)/(-12)*(-12)/(-20)*1. Calculate p(j).
2
Let o(j) = j**2 - j - 11. Let h be -1*(0 - 1)*0. Suppose 3*z + 5*r + 5 + 20 = h, 0 = 3*z + r + 5. Calculate o(z).
-11
Let n(s) = -4*s**3 + 5*s**2 + 3*s. Let r(u) = 